. Let l be (0 - -1)/((-10)/(-30)). Determine x(l).
2
Suppose 0*z - 2*z + 18 = 0. Suppose 0 = 3*b + f - 12 - z, 0 = 3*f - 9. Suppose b*j - 24 = 2*j. Let r(s) = s - 3. Determine r(j).
3
Let o(z) = z**3 - 5. Suppose r = 5*r. Calculate o(r).
-5
Suppose 4*v = -2*y - 2, 0 = -5*y - 0*v - v - 5. Let k = 1 + y. Let g(n) = 3*n**2 + n**3 + k*n**3 + 18 - 15. Calculate g(-3).
3
Suppose 9 = 4*k + o - 7, 0 = 5*k - 3*o - 37. Let v(j) be the first derivative of -j**2 - 2. Determine v(k).
-10
Let r(w) be the first derivative of w**3/3 + 3*w**2/2 + 3*w - 1. Suppose 2*v - 2 = -2*t - 12, 4*t = v. What is r(v)?
7
Let k(m) = 26*m - 3. Let p(c) = -13*c + 2. Let j(r) = 3*k(r) + 5*p(r). Determine j(-1).
-12
Let d(p) be the second derivative of -p**4/6 + 3*p**3/2 - 4*p**2 + 2*p + 1. Give d(6).
-26
Let k be (-1)/((8 - 0)/16). Let u(v) be the third derivative of v**4/24 - v**3/3 - v**2. Determine u(k).
-4
Let s(p) = p - 6. Let l = -7 + 8. Let v be 2/4 - l/2. What is s(v)?
-6
Let k(r) be the second derivative of -r**4/12 + r**3/3 - r**2/2 + 2*r. Let u = -106 + 109. Give k(u).
-4
Suppose 2*b = -3*b. Let y = 24 - -9. Let t(l) = y*l**2 - 15*l**2 - 1 - 19*l**2. What is t(b)?
-1
Let h(k) = -k**3 + 6*k**2 - 2*k - 7. Suppose -3*t + 5 = 5*r - 18, -5*r + 11 = t. Give h(t).
-19
Suppose n = -5*p - 51, n = 4*p - 2*n + 56. Let k = p + 18. Let o(b) = -b**2 + 9*b - 7. Give o(k).
7
Let y(b) = -3*b + 6. Let k = 33 - 29. Calculate y(k).
-6
Let t(d) = -4*d**2 - d + 1. Let x(r) = 7*r**2 + 2*r - 1. Let w(k) = -5*t(k) - 3*x(k). Calculate w(-3).
-8
Suppose -4*q + p - 2 = -p, -4*p + 22 = q. Let f(i) = 3*i. Let c be f(1). Let o(y) = 1 - y**2 - 5*y**2 + c*y**3 + 3*y**2 - y**3. Determine o(q).
5
Let z(l) = 3*l. Let d(g) = 3*g. Let w(a) = -4*d(a) + 3*z(a). Let s be (-2)/(-4)*(-4)/(-1). Calculate w(s).
-6
Let k be 18/8 + 1/(-4). Let b be (2 - 4) + 2*k. Let v(l) = 3 - b - l - 2 - 6*l. What is v(-1)?
6
Let f(h) = 5*h + 1. Let z be f(-1). Let t be -3*1 + (-8)/z. Let r(g) be the first derivative of -5*g**2/2 + 1. Determine r(t).
5
Let w be 2/(-4) - (-2)/4. Let g = -1 + w. Let z(h) = h**3 + 2*h**2. Give z(g).
1
Let g(s) = -s - 8. Let v(r) = -1. Suppose -7*u + 5 = -2*u. Let i(h) = u*g(h) - 3*v(h). Calculate i(-4).
-1
Let c(h) = h + 2. Let f(v) = -v - 3. Let s(m) = 3*c(m) + 2*f(m). Let u = 4 - 8. Give s(u).
-4
Let q be (0 - -14) + 6/3. Suppose -2*t - q = -6*t. Let i(j) = j**3 - 5*j**2 + 3*j - 3. Determine i(t).
-7
Let h(i) = i - 5. Let o(n) = -n**2 + n + 2. Suppose 0 = -4*v - 2*g + 18, -10 = 5*v - 4*g - 65. Let q be (-6)/21 + 23/v. Let j be o(q). What is h(j)?
-9
Let w(q) = -5*q - 1. Suppose 4*c - 2*z = z + 4, 2*z - 4 = -4*c. Let i be (8/c)/(-4) - -1. Give w(i).
4
Let g(m) = -m**2 - m - 3. Let q(b) = b**2 + 2*b + 3. Let h(o) = -3*g(o) - 2*q(o). Suppose 5*u + 4*y = 10 - 3, u + y = 1. Determine h(u).
9
Let t(a) = -a**3 + 21*a**2 + 2*a - 39. Let g be t(21). Let v(h) = h**2 - h + 3. Calculate v(g).
9
Let o(b) = b**2 - b + 1. Let l be o(1). Suppose -4*j = -j + 3. Let h(g) = -g. Let k(y) = -2*y + 2. Let u(x) = j*k(x) + h(x). Give u(l).
-1
Let u(y) = -3*y - 11. Let c = -18 + 9. Calculate u(c).
16
Let x(q) = q + 16. Let v be x(-14). Suppose 4*f - 2*f + 9 = 5*c, 0 = -5*f + 15. Let z(t) = -2*t**3 - 2 + 0 + c*t**3. What is z(v)?
6
Let y be (-15)/(-3)*(-2)/5. Let g(m) = -2 + 0*m + 3*m + 5 + m. Let b be g(y). Let z(n) = -n**3 - 5*n**2 - 2*n - 4. What is z(b)?
6
Let u(b) = 2 - 2*b**3 + 2*b**3 - 4*b**2 + 7*b - b**3. Suppose -8*k - 40 = -0. What is u(k)?
-8
Let g(l) = l**2 - 6*l + 5. Let d be g(5). Suppose b + 2*b = d. Let n(x) = x**2 - 3. What is n(b)?
-3
Let u(r) = 2 + 4 - 2*r + 3. Suppose -4*t + 4*c = -40, -4*t + 0*t - 4*c = -8. Let a be u(t). Let p(j) = -2*j**2 - 4*j + 1. Calculate p(a).
-5
Let t(u) = -2*u + 1. Let h(j) = 4*j - 7. Let f be h(6). Let l = f - 12. Calculate t(l).
-9
Let r(y) = y + 4. Let z(g) = -2*g + 3. Let d be z(4). Calculate r(d).
-1
Let q be (3 + 3/6)/((-1)/(-2)). Let n(j) = j**2 - 6*j - 3. Give n(q).
4
Let c(r) = r**2 - 5*r + 5. Let w be 6/(-9)*(-42)/7. What is c(w)?
1
Let p(w) be the first derivative of 0*w**2 + 5*w + w**3 + 5/4*w**4 + 1. Let l(r) = -6*r**3 - 4*r**2 - 5. Let n(k) = 4*l(k) + 5*p(k). Determine n(0).
5
Suppose -4*d = 71*f - 72*f + 25, 3*f - 15 = 0. Let o(r) be the third derivative of r**6/120 + r**5/15 - 5*r**4/24 + r**3/2 + r**2. Determine o(d).
3
Let x(m) = -m**2 - m. Let h be x(0). Let p(g) = 5*g - 8. Let q(o) = -o. Let y(s) = -p(s) - 4*q(s). Calculate y(h).
8
Let j(n) = -n**3 + 3*n**2 + 3*n - 2. Let y(s) = -2*s**3 + s**2 - 3*s - 3. Let l be y(-1). Determine j(l).
7
Let z(b) be the third derivative of 0 - 1/120*b**6 + 2*b**2 - 1/8*b**4 - 1/10*b**5 + 0*b + 7/6*b**3. Let u = 21 + -26. Calculate z(u).
-3
Let q(f) = -2*f + 12. Let v be q(6). Let u(n) = 2*n + v*n - 5*n**3 - 2 + 1 - 4*n. Let g = 1 + -2. Determine u(g).
6
Suppose 4 = -6*u + 8*u. Let c(m) be the third derivative of 0 - m**u + 0*m + 0*m**3 - 1/4*m**4. Calculate c(-1).
6
Let a(x) = 4*x**2 + x. Let k(w) = 6*w**2 + 2*w. Let l(z) = -7*a(z) + 5*k(z). Give l(-3).
9
Let d(l) = 5*l - 9. Let m be d(0). Let h(q) = q**3 + 9*q**2 + q - 4. What is h(m)?
-13
Let v(b) = -2 + 4 + 2 - 3 - b. What is v(8)?
-7
Let d = 13 + -5. Suppose -4*w = -d - 0. Let c(z) = 7*z - 3*z + z**2 + w*z. Determine c(-5).
-5
Let i(u) be the third derivative of -u**4/12 - u**3/6 - 12*u**2. Determine i(1).
-3
Suppose -5*v - 7 + 37 = -4*w, 2*v = -4*w - 16. Let k(b) be the third derivative of -1/3*b**3 - 1/24*b**4 - 2*b**2 + 0*b + 0. Determine k(w).
3
Let f(v) = -v**3 + 5*v**2 - 2*v + 3. Let x(w) = -2*w**3 + 5*w**2 - 3*w + 4. Let p(s) = 3*f(s) - 2*x(s). Let c = -12 + 7. Calculate p(c).
1
Let a = -9 - -9. Let c(p) be the third derivative of 0*p + 0*p**3 + p**2 - 1/60*p**5 + a - 1/8*p**4. What is c(-4)?
-4
Suppose 4*f + f + 2*h = 0, 0 = 4*f + h - 3. Let x(z) = 14*z + 6. Let a(v) = 2*v + 3*v + 2 + 0*v. Let j(o) = -17*a(o) + 6*x(o). Calculate j(f).
0
Let p(l) = -l**3 + 3*l**2 + 2*l - 3. Let y be p(3). Let i(v) = -2*v - 23*v**3 + v**2 + y*v + 24*v**3. Give i(0).
0
Let x(m) = -m**2. Let i(v) = -v**3 - v**2 + 4*v. Let n(z) = i(z) - 3*x(z). Let c = 90 + -87. Calculate n(c).
3
Let k(z) = -4*z**3 + 8*z**2 - 7. Let b(t) = -11*t**3 + 23*t**2 - 20. Let d(r) = -6*b(r) + 17*k(r). Calculate d(-1).
1
Let r(s) = 3*s - 11. Let z(w) = 2*w - 7. Let o(p) = -p**2 + 5*p - 5. Let h be o(5). Let i(n) = h*r(n) + 8*z(n). Calculate i(-5).
-6
Suppose 0*h + 25 = -5*h, w + 17 = -5*h. Let y(z) = -z + 13. What is y(w)?
5
Let h(w) = 10*w**3 + w**2 + w - 1. Let z = 3 - 2. Determine h(z).
11
Let k(j) = -j**2 + 3*j + 3. Suppose -f + q + 5 = 0, -q - q - 8 = -f. Suppose -3*t = -4*n - f, -t + 4*n + 5 = -1. Calculate k(t).
-7
Let o = 87 + -84. Let y(d) = -3*d - 4. Calculate y(o).
-13
Let m(g) = -11*g**2 + 5*g + 1. Let l(p) = -5*p**2 + 2*p. Let r(t) = -9*l(t) + 4*m(t). Suppose -h = 4*w + w + 15, -h + 9 = -3*w. Calculate r(w).
7
Let r = 25 + 0. Suppose 4*o + 3*x - 11 = 0, 3*x - 6 = 2*o - r. Let d(l) = -l + 11. Calculate d(o).
6
Let n = -32 + 35. Suppose 10 = 5*z - 5. Let g(m) = 0*m**2 - z*m + 1 + 1 + m**2. Determine g(n).
2
Let a(k) be the second derivative of 3*k**5/10 - k**4/6 + k**3/6 - k. Let q(j) = -j**2 - 5*j - 4. Let t be q(-5). Let p = 5 + t. Give a(p).
5
Let o(z) = -z**2 - 7*z + 5. Let u be -4 - (-3 - (-6)/2). Let n(i) = i**2 + 7*i - 4. Let d(l) = u*o(l) - 5*n(l). What is d(-6)?
6
Let p(i) be the third derivative of i**4/12 + 2*i**3/3 + 19*i**2. Calculate p(-4).
-4
Let r(g) = g**2 + 6*g + 1. Let j(u) = -2*u**2 - 8*u + 4. Let a be j(-4). Let q be 3/a + 23/(-4). Determine r(q).
-4
Let k(j) = -j**3 + 12*j**2 + 3. Let f be k(12). Let g(n) = -n**3 + n**2 + 2*n + 3. Calculate g(f).
-9
Let p(g) = -g**2 - 8*g + 7. Let m(q) = q**3 - 22*q**2 - 9. Let z be m(22). What is p(z)?
-2
Let j(a) be the second derivative of -a**8/6720 - a**7/630 - a**6/360 + a**5/30 + a**4/12 + 6*a. Let u(h) be the third derivative of j(h). Give u(-3).
1
Let n be ((-8)/6)/((20/6)/(-5)). Let g(v) be the second derivative of 0 + 2*v + 1/6*v**3 + 0*v**n. What is g(-2)?
-2
Suppose 0*l - 3*z = -4*l + 5, 0 = 2*l - 2*z - 2. Let h = -6 + l. Let y be (h/(-3))/((-1)/(-3)). Let r(k) = k**2 - 5*k - 2. Give r(y).
-6
Let t(s) be the third derivative of -s**4/8 - s**3/6 - 22*s**2. What is t(3)?
-10
Let k(d) = -4 - 1 + 4*d + d**2 + 0*d - 2*d**2. Wha